{"id":42,"date":"2021-10-01T17:55:34","date_gmt":"2021-10-01T17:55:34","guid":{"rendered":"http:\/\/pangaeaproperties.de\/?page_id=42"},"modified":"2022-01-15T23:32:31","modified_gmt":"2022-01-15T23:32:31","slug":"impressum","status":"publish","type":"page","link":"https:\/\/pangaeaproperties.de\/?page_id=42","title":{"rendered":"Impressum"},"content":{"rendered":"\t\t<div data-elementor-type=\"wp-page\" data-elementor-id=\"42\" class=\"elementor elementor-42\">\n\t\t\t\t\t\t<section class=\"elementor-section elementor-top-section elementor-element elementor-element-3a9d9000 elementor-section-boxed elementor-section-height-default elementor-section-height-default\" data-id=\"3a9d9000\" data-element_type=\"section\" data-e-type=\"section\">\n\t\t\t\t\t\t<div class=\"elementor-container elementor-column-gap-default\">\n\t\t\t\t\t<div class=\"elementor-column elementor-col-100 elementor-top-column elementor-element elementor-element-745b34a3\" data-id=\"745b34a3\" data-element_type=\"column\" data-e-type=\"column\">\n\t\t\t<div class=\"elementor-widget-wrap elementor-element-populated\">\n\t\t\t\t\t\t<div class=\"elementor-element elementor-element-532ddb06 elementor-widget elementor-widget-text-editor\" data-id=\"532ddb06\" data-element_type=\"widget\" data-e-type=\"widget\" data-widget_type=\"text-editor.default\">\n\t\t\t\t<div class=\"elementor-widget-container\">\n\t\t\t\t\t\t\t\t\t<p><\/p>\n<p><strong>Angaben gem\u00e4\u00df \u00a7 5 TMG<br><\/strong><br>Pangaea Properties GmbH<br>Adelmutstr. 14<br>51143 K\u00f6ln<\/p>\n<p><\/p>\n<p><\/p>\n<p><span style=\"font-family: Roboto, sans-serif; font-size: 16px; font-style: normal; font-variant-ligatures: normal; font-variant-caps: normal; font-weight: 400;\">Handelsregister: HRB 108146<br><\/span><span style=\"font-size: 16px;\">Registergericht: Amtsgericht K\u00f6ln<\/span><span style=\"font-family: Roboto, sans-serif; font-size: 16px; font-style: normal; font-variant-ligatures: normal; font-variant-caps: normal; font-weight: 400;\"><br><\/span><\/p>\n<p><strong style=\"font-size: 16px;\">Vertreten durch:<\/strong><\/p>\n<p>Zemen Catania<\/p>\n<p><\/p>\n<p><\/p>\n<p><strong>Kontakt<\/strong><br>Telefon: +49 176 8033 9714<br>E-Mail: info@pangaeaproperties.de<\/p>\n<p><b>Umsatzsteuer-ID<\/b><\/p>\n<p>Umsatzsteuer-Identifikationsnummer gem\u00e4\u00df \u00a7 27 a Umsatzsteuergesetz:<br>Finanzamt K\u00f6ln-Porz<br>Steuernummer: 216\/5882\/3849<\/p>\n<p><b>Gewerbeanmeldung<\/b><\/p>\n<p>Die Gewerbeanmeldung nach \u00a7 34c Abs. 1 GewO wurde durch Stadt K\u00f6ln erteilt.<\/p>\n<p><span style=\"font-size: 12pt; font-family: georgia, palatino, serif;\"><b>Zust\u00e4ndige Aufsichtsbeh\u00f6rde<\/b><\/span><br><span style=\"font-size: 12pt; font-family: georgia, palatino, serif;\"><span style=\"color: #505050; font-style: normal; font-variant-ligatures: normal; font-variant-caps: normal; font-weight: 300;\">O<\/span><span style=\"color: #505050; font-style: normal; font-variant-ligatures: normal; font-variant-caps: normal;\">rdnungsamt der Stadt&nbsp;K\u00f6ln<br><\/span><span style=\"color: #505050; font-style: normal; font-variant-ligatures: normal; font-variant-caps: normal;\">Willy-Brandt-Platz 2<br><\/span><\/span><span style=\"font-style: normal; font-variant-ligatures: normal; font-variant-caps: normal;\"><span style=\"color: #505050; font-family: Barlow Condensed, sans-serif;\"><span style=\"font-size: 1.25rem;\"><span style=\"font-size: 12pt; font-family: georgia, palatino, serif;\">50679&nbsp;K\u00f6ln<\/span><br><\/span><\/span><\/span><\/p>\n<p><strong style=\"font-size: 16px;\">EU-Streitschlichtung<\/strong><\/p>\n<p>Die Europ\u00e4ische Kommission stellt eine Plattform zur Online-Streitbeilegung (OS) bereit:<br>https:\/\/ec.europa.eu\/consumers\/odr\/.<br>Unsere E-Mail-Adresse finden Sie oben im Impressum.<br>Verbraucherstreitbeilegung\/Universalschlichtungsstelle<br>Wir nehmen an einem Streitbeilegungsverfahren vor einer Verbraucherschlichtungsstelle teil. Zust\u00e4ndig ist<br>die Universalschlichtungsstelle des Zentrums f\u00fcr Schlichtung e.V., Stra\u00dfburger Stra\u00dfe 8, 77694 Kehl am Rhein <br>(https:\/\/www.verbraucher-schlichter.de).&nbsp;<\/p>\n<p><\/p>\n<p><\/p>\n<h6 class=\"wp-block-heading\"><strong>Quelle:<\/strong><br>e-recht24.de<\/h6>\n<p><\/p>\n<p><\/p>\n<p><\/p>\t\t\t\t\t\t\t\t<\/div>\n\t\t\t\t<\/div>\n\t\t\t\t\t<\/div>\n\t\t<\/div>\n\t\t\t\t\t<\/div>\n\t\t<\/section>\n\t\t\t\t<\/div>\n\t\t","protected":false},"excerpt":{"rendered":"<p>Angaben gem\u00e4\u00df \u00a7 5 TMGPangaea Properties GmbHAdelmutstr. 1451143 K\u00f6ln Handelsregister: HRB 108146Registergericht: Amtsgericht K\u00f6ln Vertreten durch: Zemen Catania KontaktTelefon: +49 176 8033 9714E-Mail: info@pangaeaproperties.de Umsatzsteuer-ID Umsatzsteuer-Identifikationsnummer gem\u00e4\u00df \u00a7 27 a Umsatzsteuergesetz:Finanzamt K\u00f6ln-PorzSteuernummer: 216\/5882\/3849 Gewerbeanmeldung Die Gewerbeanmeldung nach \u00a7 34c Abs. 1 GewO wurde durch Stadt K\u00f6ln erteilt. Zust\u00e4ndige Aufsichtsbeh\u00f6rdeOrdnungsamt der Stadt&nbsp;K\u00f6lnWilly-Brandt-Platz 250679&nbsp;K\u00f6ln EU-Streitschlichtung Die Europ\u00e4ische&#8230;<a href=\"https:\/\/pangaeaproperties.de\/?page_id=42\" class=\"epl-more-link\">Erfahren Sie mehr&rarr;<\/a><\/p>\n","protected":false},"author":1,"featured_media":0,"parent":0,"menu_order":0,"comment_status":"closed","ping_status":"closed","template":"","meta":{"site-sidebar-layout":"default","site-content-layout":"","ast-site-content-layout":"default","site-content-style":"default","site-sidebar-style":"default","ast-global-header-display":"","ast-banner-title-visibility":"","ast-main-header-display":"","ast-hfb-above-header-display":"","ast-hfb-below-header-display":"","ast-hfb-mobile-header-display":"","site-post-title":"","ast-breadcrumbs-content":"","ast-featured-img":"","footer-sml-layout":"","ast-disable-related-posts":"","theme-transparent-header-meta":"","adv-header-id-meta":"","stick-header-meta":"","header-above-stick-meta":"","header-main-stick-meta":"","header-below-stick-meta":"","astra-migrate-meta-layouts":"default","ast-page-background-enabled":"default","ast-page-background-meta":{"desktop":{"background-color":"","background-image":"","background-repeat":"repeat","background-position":"center center","background-size":"auto","background-attachment":"scroll","background-type":"","background-media":"","overlay-type":"","overlay-color":"","overlay-opacity":"","overlay-gradient":""},"tablet":{"background-color":"","background-image":"","background-repeat":"repeat","background-position":"center center","background-size":"auto","background-attachment":"scroll","background-type":"","background-media":"","overlay-type":"","overlay-color":"","overlay-opacity":"","overlay-gradient":""},"mobile":{"background-color":"","background-image":"","background-repeat":"repeat","background-position":"center center","background-size":"auto","background-attachment":"scroll","background-type":"","background-media":"","overlay-type":"","overlay-color":"","overlay-opacity":"","overlay-gradient":""}},"ast-content-background-meta":{"desktop":{"background-color":"var(--ast-global-color-5)","background-image":"","background-repeat":"repeat","background-position":"center center","background-size":"auto","background-attachment":"scroll","background-type":"","background-media":"","overlay-type":"","overlay-color":"","overlay-opacity":"","overlay-gradient":""},"tablet":{"background-color":"var(--ast-global-color-5)","background-image":"","background-repeat":"repeat","background-position":"center center","background-size":"auto","background-attachment":"scroll","background-type":"","background-media":"","overlay-type":"","overlay-color":"","overlay-opacity":"","overlay-gradient":""},"mobile":{"background-color":"var(--ast-global-color-5)","background-image":"","background-repeat":"repeat","background-position":"center center","background-size":"auto","background-attachment":"scroll","background-type":"","background-media":"","overlay-type":"","overlay-color":"","overlay-opacity":"","overlay-gradient":""}},"footnotes":""},"class_list":["post-42","page","type-page","status-publish","hentry"],"_links":{"self":[{"href":"https:\/\/pangaeaproperties.de\/index.php?rest_route=\/wp\/v2\/pages\/42","targetHints":{"allow":["GET"]}}],"collection":[{"href":"https:\/\/pangaeaproperties.de\/index.php?rest_route=\/wp\/v2\/pages"}],"about":[{"href":"https:\/\/pangaeaproperties.de\/index.php?rest_route=\/wp\/v2\/types\/page"}],"author":[{"embeddable":true,"href":"https:\/\/pangaeaproperties.de\/index.php?rest_route=\/wp\/v2\/users\/1"}],"replies":[{"embeddable":true,"href":"https:\/\/pangaeaproperties.de\/index.php?rest_route=%2Fwp%2Fv2%2Fcomments&post=42"}],"version-history":[{"count":19,"href":"https:\/\/pangaeaproperties.de\/index.php?rest_route=\/wp\/v2\/pages\/42\/revisions"}],"predecessor-version":[{"id":137,"href":"https:\/\/pangaeaproperties.de\/index.php?rest_route=\/wp\/v2\/pages\/42\/revisions\/137"}],"wp:attachment":[{"href":"https:\/\/pangaeaproperties.de\/index.php?rest_route=%2Fwp%2Fv2%2Fmedia&parent=42"}],"curies":[{"name":"wp","href":"https:\/\/api.w.org\/{rel}","templated":true}]}}